47
Let d(r) = -3*r**2 - 4*r + 2340. Determine d(27).
45
Let s(z) = 2*z**3 + 112*z**2 + 831*z + 94. Give s(-47).
799
Let q(n) = -15648*n - 829429. Determine q(-53).
-85
Let x(l) = 49*l**2 + 6197*l - 6199. Give x(1).
47
Let h(g) = g**3 + 173*g**2 - 940*g - 246497. Calculate h(-170).
3
Let d(l) = 90*l**2 + 23*l + 81. Calculate d(-3).
822
Let f(t) = -58*t**3 + t**2 + 16*t - 18. What is f(1)?
-59
Let c(s) = -493*s - 100013. Give c(-203).
66
Let t(i) = -107*i**3 - 22151*i**2 - 416*i - 412. Calculate t(-207).
2
Let b(m) = -6*m**2 - 27*m - 359. Determine b(25).
-4784
Let l(x) = 10*x**2 + 28*x - 1586. Give l(11).
-68
Let x(u) = -2*u**3 - 694*u**2 + 1560*u + 57226. Determine x(-349).
-10
Let k(r) = -53818*r + 70. What is k(0)?
70
Let g(x) = x**3 - 300*x**2 + 5868*x - 2457. Calculate g(279).
54
Let s(g) = 28*g**2 + 578*g + 2781. What is s(-13)?
-1
Let p(d) = -8183*d + 122746. Calculate p(15).
1
Let y(m) = 2*m**2 + 1758*m - 10526. What is y(6)?
94
Let c(j) = -3374*j + 23686. Calculate c(7).
68
Let r(g) = -g**3 - 128*g**2 - 282*g - 3762. Calculate r(-126).
18
Let o(l) = -265*l**2 - 7944*l + 63. Determine o(-30).
-117
Let y(f) = -262*f + 6013. Determine y(23).
-13
Let p(x) = 21*x**2 + 232*x - 461. Calculate p(-12).
-221
Let h(t) = -32*t**2 + 476*t - 1338. Give h(3).
-198
Let j(t) = -2037*t - 358399. What is j(-176)?
113
Let t(r) = -r**3 + 26*r**2 + 73*r - 2. What is t(26)?
1896
Let o(c) = -2890*c - 575344. Calculate o(-199).
-234
Let w(y) = -36*y**2 - 1851*y + 3666. Give w(2).
-180
Let b(x) = -2*x**2 - 350*x + 5714. Calculate b(15).
14
Let h(c) = -c**3 - 11*c**2 - 334*c - 1834. Give h(-6).
-10
Let z(k) = k**3 - 269*k**2 - 2*k + 463. What is z(269)?
-75
Let o(j) = -61*j**2 - 355*j + 28. Calculate o(-3).
544
Let s(n) = -11*n**3 + n**2 - 207*n - 695. Determine s(-3).
232
Let h(q) = -q**3 + 15*q**2 - 99*q + 1486. Give h(15).
1
Let f(s) = 1401*s**2 + 1736*s - 1735. Determine f(1).
1402
Let o(h) = 2*h**3 - 810*h**2 + 1608*h + 13. Calculate o(2).
5
Let w(t) = 165*t**2 + 158*t + 41. What is w(-2)?
385
Let b(m) = m**3 + 57*m**2 - 2730*m - 149. Calculate b(-88).
27
Let m(p) = -147*p**2 + 69*p + 19. Determine m(-2).
-707
Let u(q) = 7492*q - 37744. What is u(5)?
-284
Let s(h) = 2*h**3 + 477*h**2 - 181*h + 13806. Determine s(-239).
-56
Let s(r) = -4*r**2 - 89*r + 838. Determine s(-29).
55
Let p(y) = 8907253*y - 26721760. Determine p(3).
-1
Let u(s) = s**3 - 85*s**2 - 60*s - 1809. Give u(86).
427
Let s(v) = 82*v**3 - 11560*v**2 - 283*v + 146. Give s(141).
5
Let a(z) = 132*z + 753. Determine a(0).
753
Let h(c) = -1985*c + 39688. Give h(20).
-12
Let u(i) = -216*i + 6317. Calculate u(39).
-2107
Let m(d) = d**3 - 204*d**2 + 9924*d - 488. Calculate m(124).
8
Let b(a) = -a**3 - 39*a**2 - 546*a - 12731. Calculate b(-34).
53
Let d(l) = l**3 + 44*l**2 + 193*l + 256. Determine d(-38).
1586
Let c(x) = -82*x**2 - 2381*x - 6480. What is c(-26)?
-6
Let w(a) = 1517*a - 19572. Determine w(13).
149
Let l(u) = -4*u**2 + 1038*u - 3237. Determine l(256).
347
Let y(i) = i**2 - 22603*i - 407289. Give y(-18).
-111
Let u(j) = 100381*j**2 - 200774*j. Calculate u(2).
-24
Let w(r) = -11*r**3 - 90*r**2 - 18*r - 202. Calculate w(-10).
1978
Let m(u) = 4*u**2 + 317*u - 62. Give m(-85).
1893
Let y(c) = 2*c**2 + 237*c + 427. Give y(-111).
-1238
Let r(l) = -5*l**3 + 200*l**2 - 11*l + 103. What is r(40)?
-337
Let o(n) = -n**3 + 693*n**2 + 30114*n + 810. Calculate o(-41).
-10
Let c(m) = -m**2 - 15722*m + 393687. Determine c(25).
12
Let w(v) = 3*v**2 - 439*v - 288. What is w(140)?
-2948
Let d(g) = g**2 - 9457*g - 123114. Calculate d(-13).
-4
Let w(c) = -5633*c + 25233. Give w(5).
-2932
Let m(b) = 6473*b - 174743. Determine m(27).
28
Let p(r) = -2085*r - 255760. Determine p(-123).
695
Let m(x) = 2505*x - 35015. Calculate m(14).
55
Let o(g) = -136*g - 53558. Give o(-395).
162
Let b(t) = 8478*t + 652808. Determine b(-77).
2
Let s(z) = 25108*z - 50141. Calculate s(2).
75
Let n(m) = -3865*m + 1136290. What is n(294)?
-20
Let k(x) = x**3 - 28*x**2 - 10054*x + 272172. Give k(27).
-15
Let p(n) = n**2 + 114657*n - 1032002. Determine p(9).
-8
Let q(z) = -395*z + 416. What is q(1)?
21
Let v(j) = -j**3 - 22*j**2 - 193*j - 921. Calculate v(-12).
-45
Let u(p) = 21*p**2 - 1148*p - 193. Give u(62).
9355
Let f(q) = -4405*q + 453691. Give f(103).
-24
Let r(c) = 26507*c - 172. Give r(0).
-172
Let f(z) = z**3 - 109*z**2 - 155*z + 4635. Give f(110).
-315
Let z(d) = -21*d**3 - 97*d**2 + 116*d - 348. Give z(-6).
0
Let v(a) = 2*a**3 - 247*a**2 + 244*a - 2. Calculate v(1).
-3
Let g(x) = -x**3 + 17*x**2 + 678*x - 13658. What is g(20)?
-1298
Let l(p) = -746*p - 20735. Calculate l(-28).
153
Let d(y) = -217*y**2 + 1007*y + 4964. Determine d(-3).
-10
Let x(f) = -2*f**3 - 960*f**2 - 813*f + 69451. Give x(-479).
-4
Let y(l) = -19995*l - 659822. Calculate y(-33).
13
Let k(w) = -132979*w - 7180857. What is k(-54)?
9
Let s(g) = 2*g**3 + 10*g**2 - 140*g - 608. Determine s(-4).
-16
Let j(m) = m**2 + 4297*m - 2167376. Determine j(456).
-8
Let d(t) = -2976*t - 95214. Give d(-32).
18
Let n(f) = 438*f**3 - 5694*f**2 - f + 17. Give n(13).
4
Let o(j) = -538*j**2 - 5898*j + 227. What is o(-11)?
7
Let b(a) = 2811*a - 2385. What is b(1)?
426
Let r(j) = -j**3 + 61*j**2 + 360*j + 310. Calculate r(-4).
-90
Let h(u) = -5*u**2 + 374*u - 2885. What is h(66)?
19
Let c(g) = g**3 + 138*g**2 + 239*g + 14014. What is c(-137)?
40
Let f(o) = 6919*o**2 - 103763*o - 333. Determine f(15).
-3
Let o(g) = -36*g**3 - 681*g**2 + 162*g + 2003. What is o(-19)?
8
Let b(p) = -2*p**2 - 48*p - 597. Give b(-16).
-341
Let b(f) = 10*f**3 - 309*f**2 - 55*f + 769. Give b(31).
25
Let l(d) = -d**3 - 21678*d**2 + 65093*d - 155. Give l(3).
-5
Let a(f) = -20*f**2 - 2170*f - 1178. Calculate a(-108).
-98
Let r(v) = -v**3 + 19*v**2 + 76*v - 154. Calculate r(23).
-522
Let o(f) = -31*f - 1915. Calculate o(-57).
-148
Let a(z) = -6*z**3 + 1131*z**2 - 1048*z - 83. Calculate a(1).
-6
Let f(n) = -n**3 + 35*n**2 + 9*n + 3917. Determine f(38).
-73
Let u(h) = 25261*h + 303124. Calculate u(-12).
-8
Let i(h) = -204133*h - 612467. What is i(-3)?
-68
Let p(b) = -138*b + 6050. What is p(43)?
116
Let z(p) = 4*p**3 + 167*p**2 - 788*p - 276. Determine z(-46).
0
Let t(q) = -159224*q - 7005880. What is t(-44)?
-24
Let z(x) = x**3 - 22*x**2 + 822*x - 3691. Determine z(5).
-6
Let x(m) = 5*m**3 - 214*m**2 - 38*m - 574. Give x(43).
-359
Let z(l) = 71*l**2 + 2270*l - 88. What is z(-32)?
-24
Let l(v) = -v**3 - 11*v**2 - 11774*v - 70564. What is l(-6)?
-100
Let o(a) = 85852*a - 858534. Determine o(10).
-14
Let q(y) = 3*y**3 + 26*y**2 - 96*y - 863. Calculate q(-8).
33
Let z(v) = 26*v - 1369. What is z(91)?
997
Let x(s) = 3266*s - 195964. Determine x(60).
-4
Let o(c) = 2*c**2 - 398*c + 1937. Give o(194).
-3
Let l(a) = 5*a**3 + 5*a**2 + 55*a - 446. Determine l(8).
2874
Let g(l) = -l**2 + 39*l - 49. Calculate g(-15).
-859
Let y(p) = -898*p + 59985. What is y(67)?
-181
Let u(c) = -1485*c - 152917. Determine u(-103).
38
Let x(z) = z**3 + 801*z**2 + 882*z + 65598. Determine x(-800).
-2
Let g(a) = -a**3 - 7*a**2 - 403*a - 5624. Determine g(-12).
-68
Let m(g) = 3*g**3 - 32*g**2 + 303*g - 1304. Determine m(11).
2150
Let v(g) = 162*g**2 - 892*g - 1606. What is v(7)?
88
Let h(v) = 57448*v + 6663996. Give h(-116).
28
Let m(f) = 2*f**3 - 94*f**2 + 105*f + 20. Give m(46).
618
Let h(z) = -2*z**2 - 2189*z + 65153. What is h(29)?
-10
Let t(o) = -141272*o - 4803272. What is t(-34)?
-24
Let l(n) = 402*n**2 - 330437*n - 5799. What is l(822)?
-45
Let c(q) = -q**3 - 46*q**2 - 502*q + 42. Give c(-19).
-167
Let l(n) = -3*n**3 + 545*n**2 + 109*n + 13237. Calculate l(182).
-49
Let w(q) = -431*q**3 - 19*q**2 + 18*q. What is w(1)?
-432
Let q(b) = b**3 + 78*b**2 + 145*b - 542. Give q(-76).
-10
Let h(q) = q**2 - 183*q + 3788. Determine h(24).
-28
Let l(a) = -24*a**2 - 1069*a + 5254. Give l(-49).
11
Let j(u) = -49*u**2 + 44*u - 26. Give j(2).
-134
Let u(t) = -2*t**2 - 1182*t - 102078. Determine u(-105).
-18
Let k(m) = -m**3 + 9*m**2 + 8*m + 545. What is k(12)?
209
Let u(k) = 295*k**2 - 853*k + 717. Calculate u(1).
159
Let r(u) = -4644*u + 74296. Calculate r(16).
-8
Let p(r) = r**3 + 59*r**2 + 412*r - 1448. Determine p(-50).
452
Let r(k) = 23752*k + 617568. Determine r(-26).
16
Let p(z) = -72941*z + 72955. Determine p(1).
14
Let x(p) = 17*p**2 +